by 22.
19
What is the remainder when 1461 is divided by 17?
16
What is the remainder when 241 is divided by 122?
119
What is the remainder when 1033 is divided by 69?
67
What is the remainder when 998 is divided by 110?
8
What is the remainder when 1936 is divided by 38?
36
What is the remainder when 575 is divided by 3?
2
Calculate the remainder when 8214 is divided by 11.
8
What is the remainder when 8411 is divided by 15?
11
What is the remainder when 499 is divided by 50?
49
What is the remainder when 2293 is divided by 31?
30
What is the remainder when 972 is divided by 195?
192
Calculate the remainder when 274 is divided by 28.
22
What is the remainder when 66 is divided by 49?
17
What is the remainder when 222 is divided by 30?
12
What is the remainder when 1845 is divided by 1811?
34
What is the remainder when 1587 is divided by 94?
83
Calculate the remainder when 184 is divided by 12.
4
What is the remainder when 163 is divided by 90?
73
Calculate the remainder when 743 is divided by 24.
23
What is the remainder when 552 is divided by 109?
7
What is the remainder when 243 is divided by 35?
33
Calculate the remainder when 1776 is divided by 179.
165
What is the remainder when 1978 is divided by 37?
17
Calculate the remainder when 8523 is divided by 55.
53
What is the remainder when 105 is divided by 39?
27
What is the remainder when 138 is divided by 67?
4
Calculate the remainder when 148 is divided by 25.
23
What is the remainder when 1003 is divided by 144?
139
Calculate the remainder when 10515 is divided by 239.
238
Calculate the remainder when 3319 is divided by 8.
7
Calculate the remainder when 279 is divided by 32.
23
Calculate the remainder when 941 is divided by 57.
29
What is the remainder when 3247 is divided by 25?
22
Calculate the remainder when 3020 is divided by 126.
122
What is the remainder when 77 is divided by 39?
38
What is the remainder when 7064 is divided by 45?
44
What is the remainder when 21773 is divided by 114?
113
What is the remainder when 479 is divided by 60?
59
Calculate the remainder when 252 is divided by 207.
45
What is the remainder when 197 is divided by 80?
37
Calculate the remainder when 81988 is divided by 45.
43
Calculate the remainder when 201 is divided by 156.
45
What is the remainder when 626 is divided by 90?
86
Calculate the remainder when 2819 is divided by 1401.
17
What is the remainder when 114 is divided by 5?
4
What is the remainder when 9732 is divided by 165?
162
What is the remainder when 125 is divided by 51?
23
What is the remainder when 81 is divided by 17?
13
What is the remainder when 1294 is divided by 8?
6
What is the remainder when 96 is divided by 3?
0
What is the remainder when 2608 is divided by 58?
56
What is the remainder when 4024 is divided by 4014?
10
What is the remainder when 97 is divided by 21?
13
Calculate the remainder when 3111 is divided by 164.
159
What is the remainder when 20 is divided by 6?
2
What is the remainder when 23494 is divided by 24?
22
Calculate the remainder when 9894 is divided by 90.
84
Calculate the remainder when 2646 is divided by 93.
42
Calculate the remainder when 668 is divided by 61.
58
Calculate the remainder when 152 is divided by 48.
8
What is the remainder when 655 is divided by 211?
22
Calculate the remainder when 1466 is divided by 42.
38
What is the remainder when 2433 is divided by 174?
171
Calculate the remainder when 442 is divided by 7.
1
What is the remainder when 123 is divided by 76?
47
Calculate the remainder when 89 is divided by 30.
29
Calculate the remainder when 2403 is divided by 65.
63
Calculate the remainder when 32 is divided by 4.
0
Calculate the remainder when 4757 is divided by 35.
32
Calculate the remainder when 298 is divided by 256.
42
Calculate the remainder when 180 is divided by 47.
39
Calculate the remainder when 1378 is divided by 77.
69
What is the remainder when 6548 is divided by 63?
59
Calculate the remainder when 421 is divided by 38.
3
Calculate the remainder when 2427 is divided by 7.
5
What is the remainder when 910 is divided by 15?
10
Calculate the remainder when 257 is divided by 89.
79
Calculate the remainder when 21 is divided by 5.
1
What is the remainder when 2994 is divided by 996?
6
Calculate the remainder when 2004 is divided by 32.
20
Calculate the remainder when 757 is divided by 76.
73
Calculate the remainder when 28 is divided by 16.
12
Calculate the remainder when 350 is divided by 71.
66
Calculate the remainder when 509 is divided by 16.
13
What is the remainder when 402 is divided by 132?
6
What is the remainder when 111 is divided by 40?
31
What is the remainder when 1039 is divided by 20?
19
What is the remainder when 298 is divided by 13?
12
What is the remainder when 490 is divided by 17?
14
What is the remainder when 1717 is divided by 20?
17
What is the remainder when 567 is divided by 19?
16
What is the remainder when 1632 is divided by 78?
72
What is the remainder when 200 is divided by 61?
17
What is the remainder when 148 is divided by 14?
8
What is the remainder when 72 is divided by 7?
2
What is the remainder when 2033 is divided by 70?
3
What is the remainder when 3494 is divided by 13?
10
What is the remainder when 5119 is divided by 84?
79
What is the remainder when 142 is divided by 52?
38
What is the remainder when 628 is divided by 14?
12
Calculate the remainder when 205 is divided by 26.
23
Calculate the remainder when 2206 is divided by 315.
1
What is the remainder when 47 is divided by 29?
18
What is the remainder when 75 is divided by 32?
11
What is the remainder when 1423 is divided by 27?
19
Calculate the remainder when 1927 is divided by 46.
41
What is the remainder when 84267 is divided by 15?
12
Calculate the remainder when 2337 is divided by 1165.
7
Calculate the remainder when 1820 is divided by 202.
2
Calculate the remainder when 412 is divided by 143.
126
What is the remainder when 89 is divided by 48?
41
Calculate the remainder when 1422 is divided by 637.
148
Calculate the remainder when 29 is divided by 8.
5
What is the remainder when 15 is divided by 9?
6
Calculate the remainder when 367 is divided by 31.
26
What is the remainder when 101 is divided by 35?
31
Calculate the remainder when 1044 is divided by 241.
80
Calculate the remainder when 329 is divided by 160.
9
Calculate the remainder when 54 is divided by 19.
16
Calculate the remainder when 581 is divided by 62.
23
What is the remainder when 5 is divided by 2?
1
What is the remainder when 8007 is divided by 22?
21
What is the remainder when 1812 is divided by 63?
48
What is the remainder when 1167 is divided by 348?
123
Calculate the remainder when 374 is divided by 185.
4
What is the remainder when 55 is divided by 17?
4
Calculate the remainder when 56 is divided by 36.
20
What is the remainder when 68 is divided by 36?
32
What is the remainder when 24 is divided by 10?
4
Calculate the remainder when 617 is divided by 78.
71
Calculate the remainder when 471 is divided by 115.
11
Calculate the remainder when 421 is divided by 296.
125
What is the remainder when 199 is divided by 70?
59
Calculate the remainder when 459 is divided by 35.
4
What is the remainder when 664 is divided by 93?
13
What is the remainder when 596 is divided by 20?
16
Calculate the remainder when 5699 is divided by 19.
18
What is the remainder when 1023 is divided by 21?
15
Calculate the remainder when 43 is divided by 17.
9
What is the remainder when 557 is divided by 40?
37
What is the remainder when 265 is divided by 68?
61
What is the remainder when 566 is divided by 23?
14
What is the remainder when 112 is divided by 101?
11
Calculate the remainder when 424 is divided by 41.
14
Calculate the remainder when 233 is divided by 126.
107
Calculate the remainder when 6147 is divided by 30.
27
Calculate the remainder when 1030 is divided by 172.
170
Calculate the remainder when 1393 is divided by 116.
1
What is the remainder when 1306 is divided by 266?
242
Calculate the remainder when 150 is divided by 112.
38
Calculate the remainder when 1595 is divided by 789.
17
Calculate the remainder when 1023 is divided by 39.
9
What is the remainder when 1318 is divided by 432?
22
Calculate the remainder when 943 is d